t the prime factors of 2932911.
3, 337, 967
What are the prime factors of 561563?
137, 4099
What are the prime factors of 3284742?
2, 3, 67, 8171
List the prime factors of 5413.
5413
List the prime factors of 12822.
2, 3, 2137
What are the prime factors of 23764?
2, 13, 457
List the prime factors of 204080.
2, 5, 2551
What are the prime factors of 7111065?
3, 5, 13, 36467
What are the prime factors of 191162?
2, 95581
List the prime factors of 8355487.
7, 439, 2719
List the prime factors of 33826345.
5, 7, 17, 139, 409
List the prime factors of 195311.
195311
List the prime factors of 221761.
211, 1051
What are the prime factors of 163413?
3, 67, 271
What are the prime factors of 1661593?
1091, 1523
What are the prime factors of 45226?
2, 22613
List the prime factors of 68938.
2, 34469
List the prime factors of 3426363.
3, 380707
List the prime factors of 245998.
2, 47, 2617
What are the prime factors of 644895?
3, 5, 17, 281
What are the prime factors of 180664?
2, 11, 2053
What are the prime factors of 354535?
5, 17, 43, 97
What are the prime factors of 182130?
2, 3, 5, 13, 467
What are the prime factors of 398354?
2, 11, 19, 953
What are the prime factors of 2932150?
2, 5, 13, 347
List the prime factors of 264167.
264167
What are the prime factors of 1763891?
89, 19819
What are the prime factors of 156909?
3, 193, 271
List the prime factors of 849978.
2, 3, 47221
What are the prime factors of 324537?
3, 108179
What are the prime factors of 4377713?
67, 223, 293
List the prime factors of 18893117.
1481, 12757
List the prime factors of 801920.
2, 5, 7, 179
List the prime factors of 152983.
17, 8999
What are the prime factors of 324090?
2, 3, 5, 13, 277
List the prime factors of 99078.
2, 3, 7, 337
What are the prime factors of 131041?
131041
What are the prime factors of 143060?
2, 5, 23, 311
What are the prime factors of 1301360?
2, 5, 16267
List the prime factors of 274410.
2, 3, 5, 3049
List the prime factors of 9352828.
2, 2338207
List the prime factors of 1682416.
2, 71, 1481
What are the prime factors of 198818?
2, 99409
What are the prime factors of 279218?
2, 139609
What are the prime factors of 574146?
2, 3, 167, 191
List the prime factors of 1217078.
2, 37, 16447
What are the prime factors of 195184?
2, 11, 1109
List the prime factors of 865822.
2, 97, 4463
List the prime factors of 3313989.
3, 7, 41, 1283
List the prime factors of 1705554.
2, 3, 19, 4987
What are the prime factors of 1436752?
2, 89797
List the prime factors of 1554210.
2, 3, 5, 7, 2467
List the prime factors of 398269.
61, 6529
What are the prime factors of 85940?
2, 5, 4297
List the prime factors of 4208768.
2, 131, 251
List the prime factors of 3099059.
3099059
List the prime factors of 12231046.
2, 83, 73681
List the prime factors of 209985.
3, 5, 13999
List the prime factors of 866575.
5, 17, 2039
What are the prime factors of 23179922?
2, 569, 20369
List the prime factors of 12170507.
19, 31, 20663
What are the prime factors of 670?
2, 5, 67
What are the prime factors of 134969?
139, 971
List the prime factors of 450632.
2, 7, 13, 619
List the prime factors of 119245.
5, 7, 3407
List the prime factors of 6538548.
2, 3, 544879
What are the prime factors of 7281287?
13, 17, 47, 701
What are the prime factors of 6832089?
3, 11, 69011
What are the prime factors of 281323?
7, 40189
What are the prime factors of 321243?
3, 13, 8237
What are the prime factors of 16470227?
53, 109, 2851
What are the prime factors of 48346?
2, 23, 1051
What are the prime factors of 40444404?
2, 3, 7, 11, 13, 37
What are the prime factors of 6796810?
2, 5, 679681
What are the prime factors of 233420?
2, 5, 11, 1061
List the prime factors of 27121599.
3, 1069, 2819
List the prime factors of 7484511.
3, 439, 5683
What are the prime factors of 300800?
2, 5, 47
List the prime factors of 350265.
3, 5, 19, 1229
List the prime factors of 297729.
3, 11027
List the prime factors of 10796950.
2, 5, 215939
What are the prime factors of 7909?
11, 719
What are the prime factors of 960142?
2, 480071
What are the prime factors of 349609?
13, 26893
What are the prime factors of 207643?
207643
What are the prime factors of 1792609?
7, 13, 19699
What are the prime factors of 2566786?
2, 19, 67547
What are the prime factors of 36770447?
7, 5252921
What are the prime factors of 370607?
487, 761
What are the prime factors of 19017?
3, 2113
What are the prime factors of 4315363?
13, 137, 2423
What are the prime factors of 687268?
2, 19, 9043
List the prime factors of 128717.
128717
What are the prime factors of 1914370?
2, 5, 17, 11261
List the prime factors of 5687688.
2, 3, 19, 12473
What are the prime factors of 2804920?
2, 5, 70123
List the prime factors of 1088535.
3, 5, 7, 1481
What are the prime factors of 3817892?
2, 13, 73421
List the prime factors of 1155595.
5, 7, 137, 241
List the prime factors of 689056.
2, 61, 353
What are the prime factors of 2215825?
5, 61, 1453
List the prime factors of 2213811.
3, 151, 181
List the prime factors of 1078957.
11, 37, 241
List the prime factors of 68899.
68899
What are the prime factors of 12486577?
73, 171049
What are the prime factors of 18851369?
103, 183023
List the prime factors of 134904.
2, 3, 7, 11, 73
What are the prime factors of 1106042?
2, 7, 199, 397
List the prime factors of 16727015.
5, 137, 24419
List the prime factors of 16556494.
2, 8278247
List the prime factors of 13166948.
2, 23, 167, 857
What are the prime factors of 429861?
3, 143287
What are the prime factors of 815069?
113, 7213
List the prime factors of 84257.
109, 773
List the prime factors of 324569.
7, 199, 233
What are the prime factors of 31952097?
3, 1183411
List the prime factors of 4433298.
2, 3, 173, 4271
List the prime factors of 307170.
2, 3, 5, 3413
List the prime factors of 191421.
3, 21269
What are the prime factors of 479865?
3, 5, 31991
List the prime factors of 381012.
2, 3, 31751
List the prime factors of 1829935.
5, 139, 2633
List the prime factors of 5951184.
2, 3, 123983
List the prime factors of 1277744.
2, 13, 6143
What are the prime factors of 453538?
2, 226769
What are the prime factors of 1849113?
3, 7, 599
List the prime factors of 17488.
2, 1093
What are the prime factors of 12181893?
3, 4060631
List the prime factors of 4236236.
2, 1059059
What are the prime factors of 1411942?
2, 7, 100853
What are the prime factors of 7704309?
3, 83, 30941
List the prime factors of 1253900.
2, 5, 12539
What are the prime factors of 3177207?
3, 11, 67, 479
What are the prime factors of 221743?
23, 31, 311
What are the prime factors of 6640?
2, 5, 83
List the prime factors of 3569152.
2, 6971
What are the prime factors of 198127?
198127
What are the prime factors of 378297?
3, 14011
List the prime factors of 4273208.
2, 29, 113, 163
What are the prime factors of 443332?
2, 137, 809
List the prime factors of 1355440.
2, 5, 16943
What are the prime factors of 435743?
7, 11, 5659
List the prime factors of 198909.
3, 53, 139
What are the prime factors of 24197436?
2, 3, 672151
What are the prime factors of 372544?
2, 5821
What are the prime factors of 3745585?
5, 101, 7417
What are the prime factors of 6414001?
11, 19, 30689
List the prime factors of 133740.
2, 3, 5, 743
What are the prime factors of 1041761?
7, 43, 3461
List the prime factors of 46043.
41, 1123
What are the prime factors of 40734238?
2, 41, 457, 1087
What are the prime factors of 26183?
26183
List the prime factors of 939397.
29, 1117
What are the prime factors of 4234215?
3, 5, 282281
List the prime factors of 675389.
11, 13, 4723
List the prime factors of 7552307.
7, 67, 16103
List the prime factors of 1058983.
1058983
What are the prime factors of 177257?
177257
List the prime factors of 616419.
3, 68491
What are the prime factors of 4788736?
2, 47, 199
List the prime factors of 183354.
2, 3, 30559
List the prime factors of 16934883.
3, 7, 311, 2593
List the prime factors of 129464.
2, 16183
List the prime factors of 81358.
2, 19, 2141
What are the prime factors of 53047?
53047
List the prime factors of 16452267.
3, 13, 97, 4349
What are the prime factors of 4191702?
2, 3, 101, 6917
List the prime factors of 1096985.
5, 23, 9539
List the prime factors of 6739967.
13, 439, 1181
What are the prime facto